{"id":26,"date":"2017-09-04T12:44:04","date_gmt":"2017-09-04T12:44:04","guid":{"rendered":"http:\/\/www.perito.cat\/?page_id=26"},"modified":"2022-04-27T11:43:55","modified_gmt":"2022-04-27T11:43:55","slug":"servicios","status":"publish","type":"page","link":"https:\/\/www.perito.cat\/index.php\/servicios\/","title":{"rendered":"Servicios"},"content":{"rendered":"<p style=\"text-align: center;\"><a href=\"http:\/\/www.perito.cat\/index.php\/servicios\/detectives-analista-detectives-privados\/\"><img loading=\"lazy\" class=\"alignnone size-full wp-image-687\" src=\"http:\/\/www.perito.cat\/wp-content\/uploads\/2017\/04\/detective_icon.png\" alt=\"\" width=\"222\" height=\"222\" srcset=\"https:\/\/www.perito.cat\/wp-content\/uploads\/2017\/04\/detective_icon.png 222w, https:\/\/www.perito.cat\/wp-content\/uploads\/2017\/04\/detective_icon-150x150.png 150w\" sizes=\"(max-width: 222px) 100vw, 222px\" \/><\/a><\/p>\n<h2 style=\"text-align: center;\">Detectius privats<\/h2>\n<p>M\u00e9todos de prueba basado en la investigaci\u00f3n, ayudamos a esclarecer la duda en el \u00e1mbito mercantil, laboral, bancario, asegurador, jur\u00eddico y familiar, con los detectives m\u00e1s experimentados.<\/p>\n<p style=\"text-align: center;\"><a href=\"http:\/\/www.perito.cat\/index.php\/servicios\/inteligencia-de-credibilidad-analistas-sobre-credibilidad\/\"><img loading=\"lazy\" class=\"alignnone size-full wp-image-686\" src=\"http:\/\/www.perito.cat\/wp-content\/uploads\/2017\/04\/brain_icon.png\" alt=\"\" width=\"222\" height=\"222\" srcset=\"https:\/\/www.perito.cat\/wp-content\/uploads\/2017\/04\/brain_icon.png 222w, https:\/\/www.perito.cat\/wp-content\/uploads\/2017\/04\/brain_icon-150x150.png 150w\" sizes=\"(max-width: 222px) 100vw, 222px\" \/><\/a><\/p>\n<h2 style=\"text-align: center;\">An\u00e1lisis de credibilidad<\/h2>\n<p>M\u00e9todos de prueba imprescindible para confirmar la honestidad de un testigo, informador, socio, trabajador, amigo o familiar.<\/p>\n<p style=\"text-align: center;\"><a href=\"http:\/\/www.perito.cat\/index.php\/servicios\/inteligencia-de-fraudes-analistas-de-fraudes\/\"><img loading=\"lazy\" class=\"alignnone size-full wp-image-685\" src=\"http:\/\/www.perito.cat\/wp-content\/uploads\/2017\/04\/analisis_icon.png\" alt=\"\" width=\"222\" height=\"222\" srcset=\"https:\/\/www.perito.cat\/wp-content\/uploads\/2017\/04\/analisis_icon.png 222w, https:\/\/www.perito.cat\/wp-content\/uploads\/2017\/04\/analisis_icon-150x150.png 150w\" sizes=\"(max-width: 222px) 100vw, 222px\" \/><\/a><\/p>\n<h2 style=\"text-align: center;\">An\u00e1lisis de fraudes<\/h2>\n<p>M\u00e9todos de prueba imprescindible para confirmar que se ha cometido una alteraci\u00f3n sustancial, abuso de confianza o estafa.<\/p>\n<p style=\"text-align: center;\"><a href=\"http:\/\/www.perito.cat\/index.php\/servicios\/formacion-y-capacitacion\/\"><img loading=\"lazy\" class=\"alignnone size-full wp-image-688\" src=\"http:\/\/www.perito.cat\/wp-content\/uploads\/2017\/04\/formacion_icon.png\" alt=\"\" width=\"222\" height=\"222\" srcset=\"https:\/\/www.perito.cat\/wp-content\/uploads\/2017\/04\/formacion_icon.png 222w, https:\/\/www.perito.cat\/wp-content\/uploads\/2017\/04\/formacion_icon-150x150.png 150w\" sizes=\"(max-width: 222px) 100vw, 222px\" \/><\/a><\/p>\n<h2 style=\"text-align: center;\">Formaci\u00f3n y capacitaci\u00f3n<\/h2>\n<p>Formaci\u00f3n ejecutiva en investigaci\u00f3n, inteligencia, peritaje, analisis del comportamiento, valoraci\u00f3n de credibilidad, mediante m\u00e9todos basados en la educaci\u00f3n reglada m\u00e1s avanzada y actual.<\/p>\n<p><!-- ed78aeec8424e7c767727abd246c78a7 --><\/p>\n","protected":false},"excerpt":{"rendered":"<p>\nDetectius privats<br \/>\nM\u00e9todos de prueba basado en la investigaci\u00f3n, ayudamos a esclarecer la duda en el \u00e1mbito mercantil, laboral, bancario, asegurador, jur\u00eddico y familiar, con los detectives m\u00e1s experimentados.<\/p>\n<p>An\u00e1lisis de credibilidad<br \/>\nM\u00e9todos de prueba imprescindible para confirmar <\/p>\n","protected":false},"author":1,"featured_media":0,"parent":0,"menu_order":0,"comment_status":"closed","ping_status":"closed","template":"","meta":[],"_links":{"self":[{"href":"https:\/\/www.perito.cat\/index.php\/wp-json\/wp\/v2\/pages\/26"}],"collection":[{"href":"https:\/\/www.perito.cat\/index.php\/wp-json\/wp\/v2\/pages"}],"about":[{"href":"https:\/\/www.perito.cat\/index.php\/wp-json\/wp\/v2\/types\/page"}],"author":[{"embeddable":true,"href":"https:\/\/www.perito.cat\/index.php\/wp-json\/wp\/v2\/users\/1"}],"replies":[{"embeddable":true,"href":"https:\/\/www.perito.cat\/index.php\/wp-json\/wp\/v2\/comments?post=26"}],"version-history":[{"count":11,"href":"https:\/\/www.perito.cat\/index.php\/wp-json\/wp\/v2\/pages\/26\/revisions"}],"predecessor-version":[{"id":908,"href":"https:\/\/www.perito.cat\/index.php\/wp-json\/wp\/v2\/pages\/26\/revisions\/908"}],"wp:attachment":[{"href":"https:\/\/www.perito.cat\/index.php\/wp-json\/wp\/v2\/media?parent=26"}],"curies":[{"name":"wp","href":"https:\/\/api.w.org\/{rel}","templated":true}]}}