{"id":1044,"date":"2018-04-13T10:54:36","date_gmt":"2018-04-13T10:54:36","guid":{"rendered":"http:\/\/www.perito.cat\/?page_id=1044"},"modified":"2018-04-13T11:17:44","modified_gmt":"2018-04-13T11:17:44","slug":"investigacion-empresarial-asegurador","status":"publish","type":"page","link":"https:\/\/www.perito.cat\/index.php\/servicios\/detectives-analista-detectives-privados\/investigacion-empresarial-asegurador\/","title":{"rendered":"Investigaci\u00f3n Empresarial Asegurador"},"content":{"rendered":"<h2 style=\"text-align: center;\">Investigaci\u00f3n Empresarial Asegurador<\/h2>\n<p style=\"text-align: center;\">Contrastamos informaci\u00f3n para obtener buenas relaciones empresariales.<\/p>\n<p> <img loading=\"lazy\" class=\"alignnone size-full wp-image-687\" src=\"http:\/\/www.perito.cat\/wp-content\/uploads\/2018\/04\/ico_2.png\" alt=\"\" width=\"100\" height=\"100\" \/><\/p>\n<h3 style=\"text-align: center;\">Informes Prelaborales<\/h3>\n<p>Verificamos informaci\u00f3n antes de la contrataci\u00f3n de un empleado<\/p>\n<p>Motivo de baja empleo.Baja productividad laboral.Conflictos con compa\u00f1eros.Indicios de hurtos, acoso, lealtad profesional.S\u00edntomas de dependencias, alcoholismo, toxicoman\u00eda o ludopat\u00eda.Relaci\u00f3n con empresas de la competencia.Incumplimiento del horario laboral.<br \/>\n <img loading=\"lazy\" class=\"alignnone size-full wp-image-687\" src=\"http:\/\/www.perito.cat\/wp-content\/uploads\/2018\/04\/ico_2.png\" alt=\"\" width=\"100\" height=\"100\" \/><\/p>\n<h3 style=\"text-align: center;\">Competencia desleal<\/h3>\n<p>Investigamos si se act\u00faa contra la buena fe contractual.<\/p>\n<p>Competencia desleal. Verificaci\u00f3n de conductas contrarias.Comprobaci\u00f3n de empresas paralelas. Investigaci\u00f3n de socios o empleados que captan los clientes para incorporarlos a otra empresa de su propia creaci\u00f3nRevelaci\u00f3n de secretos. Prevenci\u00f3n o p\u00e9rdida de informaci\u00f3n comprobando la v\u00eda de escape, tanto humana como tecnol\u00f3gica.<br \/>\n <img loading=\"lazy\" class=\"alignnone size-full wp-image-687\" src=\"http:\/\/www.perito.cat\/wp-content\/uploads\/2018\/04\/ico_2.png\" alt=\"\" width=\"100\" height=\"100\" \/><\/p>\n<h3 style=\"text-align: center;\">Control profesional<\/h3>\n<p>Comprobamos que los trabajadores cumplan su compromiso laboral<\/p>\n<p>Control de bajas laborales. Verificaci\u00f3n de situaci\u00f3n real por incapacidad temporal. Prolongaci\u00f3n de la incapacidad.Control de la red comercial. Control de directivos, representantes, comerciales, visitadores, repartidores\u2026Absentismo laboral. Verificaci\u00f3n de horas sindicales, trabajo por cuenta propia o segundo empleoHurtos. Detecci\u00f3n de actuaciones delictivas en la empresa, apropiaciones indebidas o robo de material.Acoso laboral. Mobbing Mistery Shopping. Control de calidad en el trato con el cliente, gesti\u00f3n comercial y cierre de ventas.<br \/>\n <img loading=\"lazy\" class=\"alignnone size-full wp-image-687\" src=\"http:\/\/www.perito.cat\/wp-content\/uploads\/2018\/04\/ico_2.png\" alt=\"\" width=\"100\" height=\"100\" \/><\/p>\n<h3 style=\"text-align: center;\">Aseguradoras y mutuas<\/h3>\n<p>Verificamos las reclamaciones a empresas de seguros y mutuas para la reclamaci\u00f3n de indemnizaciones por siniestro.<\/p>\n<p>Siniestros de veh\u00edculos.Siniestros de diversos. Desaparici\u00f3n de bienes asegurados.Reclamaciones excesivas. Ampliaci\u00f3n del da\u00f1o del siniestro.Evaluaci\u00f3n de testigos o implicados en un siniestro. Verificaci\u00f3n de credibilidad del testimonio y falso testimonio.Relaci\u00f3n entre los implicados del siniestro.<\/p>\n<p><!-- 61fdbae0fe094a0413f75803e62cb753 --><\/p>\n","protected":false},"excerpt":{"rendered":"<p>Investigaci\u00f3n Empresarial Asegurador<br \/>\nContrastamos informaci\u00f3n para obtener buenas relaciones empresariales.<\/p>\n<p>Informes Prelaborales<br \/>\nVerificamos informaci\u00f3n antes de la contrataci\u00f3n de un empleado<br \/>\nMotivo de baja empleo.Baja productividad laboral.Conflictos con compa\u00f1eros.Indicios de hurtos, acoso, lealtad profesional.S\u00edntomas de dependencias, alcoholismo, toxicoman\u00eda <\/p>\n","protected":false},"author":1,"featured_media":0,"parent":33,"menu_order":0,"comment_status":"closed","ping_status":"closed","template":"","meta":[],"_links":{"self":[{"href":"https:\/\/www.perito.cat\/index.php\/wp-json\/wp\/v2\/pages\/1044"}],"collection":[{"href":"https:\/\/www.perito.cat\/index.php\/wp-json\/wp\/v2\/pages"}],"about":[{"href":"https:\/\/www.perito.cat\/index.php\/wp-json\/wp\/v2\/types\/page"}],"author":[{"embeddable":true,"href":"https:\/\/www.perito.cat\/index.php\/wp-json\/wp\/v2\/users\/1"}],"replies":[{"embeddable":true,"href":"https:\/\/www.perito.cat\/index.php\/wp-json\/wp\/v2\/comments?post=1044"}],"version-history":[{"count":4,"href":"https:\/\/www.perito.cat\/index.php\/wp-json\/wp\/v2\/pages\/1044\/revisions"}],"predecessor-version":[{"id":1055,"href":"https:\/\/www.perito.cat\/index.php\/wp-json\/wp\/v2\/pages\/1044\/revisions\/1055"}],"up":[{"embeddable":true,"href":"https:\/\/www.perito.cat\/index.php\/wp-json\/wp\/v2\/pages\/33"}],"wp:attachment":[{"href":"https:\/\/www.perito.cat\/index.php\/wp-json\/wp\/v2\/media?parent=1044"}],"curies":[{"name":"wp","href":"https:\/\/api.w.org\/{rel}","templated":true}]}}